es 1087 divide 1015084094?
False
Is 21268636 a multiple of 37?
True
Does 57 divide 6926998?
False
Does 165 divide 44828611?
False
Is 450671256 a multiple of 36?
True
Is 181 a factor of 33002710?
False
Is 174053880 a multiple of 819?
True
Does 10 divide 227991720?
True
Is 196921853 a multiple of 1508?
False
Is 36814916 a multiple of 550?
False
Is 205678336 a multiple of 32?
True
Is 31515560 a multiple of 2008?
True
Is 242 a factor of 653215715?
False
Is 1225441896 a multiple of 84?
True
Is 11083350 a multiple of 111?
True
Is 350 a factor of 46890550?
True
Does 163 divide 1243670766?
True
Does 375 divide 245236125?
True
Is 462133964 a multiple of 150?
False
Is 4426 a factor of 2447250476?
True
Is 158708651 even?
False
Does 189 divide 1244370582?
False
Does 166 divide 316994575?
False
Is 10433846 a multiple of 1117?
False
Is 170908814 a multiple of 19?
False
Is 14228880 a multiple of 60?
True
Does 17 divide 76554654?
False
Is 458113185 a multiple of 477?
True
Is 30040240 a multiple of 605?
False
Does 156 divide 762860037?
False
Does 19 divide 258609742?
False
Is 862 a factor of 1923790912?
True
Is 2201 a factor of 794212551?
False
Is 3607868840 a multiple of 10?
True
Does 24 divide 41920536?
True
Does 217 divide 7419677?
False
Is 125 a factor of 7033429?
False
Is 121020700 a multiple of 3?
False
Is 30 a factor of 637236570?
True
Does 2876 divide 243479308?
False
Is 5025 a factor of 1554981225?
True
Does 974 divide 15065832?
True
Is 8070 a factor of 2270302348?
False
Does 108 divide 1714060255?
False
Is 123 a factor of 169209747?
True
Is 59351919 a multiple of 208?
False
Does 2036 divide 25391979?
False
Is 2250256 a multiple of 272?
True
Is 14034195 a multiple of 35?
True
Is 47752470 a multiple of 106?
True
Is 112 a factor of 22366427?
False
Is 346 a factor of 55876578?
True
Is 979989496 a multiple of 6?
False
Is 1326 a factor of 220467770?
False
Is 135077061 a multiple of 21?
True
Is 310920735 a multiple of 85?
True
Does 95 divide 46373300?
True
Is 95 a factor of 19871340?
True
Is 4 a factor of 1010539040?
True
Is 528748935 a multiple of 225?
False
Is 545 a factor of 6220085?
True
Is 83966625 a multiple of 2025?
True
Is 19 a factor of 2610239?
True
Is 80968209 a multiple of 24?
False
Does 15 divide 6740869?
False
Is 184 a factor of 3198931?
False
Is 221641916 a multiple of 157?
False
Is 1072 a factor of 934467760?
True
Does 5 divide 526583355?
True
Is 64922798 a multiple of 707?
False
Is 38 a factor of 311782300?
False
Is 7 a factor of 2779786?
False
Is 24156419 a multiple of 141?
False
Is 1441 a factor of 110462445?
False
Does 331 divide 3629793995?
True
Does 1298 divide 9749334?
False
Does 981 divide 71975556?
False
Is 132 a factor of 46203828?
True
Is 724 a factor of 550494588?
False
Does 17 divide 69251693?
True
Is 81973887 a multiple of 4?
False
Is 681 a factor of 59631270?
False
Does 12 divide 62817000?
True
Does 98 divide 1175522936?
True
Is 560 a factor of 6254222?
False
Is 26743236 a multiple of 15?
False
Does 231 divide 7336086?
False
Does 52 divide 65216112?
True
Does 1605 divide 217190026?
False
Is 1820 a factor of 10175789?
False
Is 45 a factor of 172622854?
False
Is 931506661 a multiple of 62?
False
Does 620 divide 46845707?
False
Is 26 a factor of 1319571937?
False
Is 187596582 a multiple of 182?
False
Does 1846 divide 15163578?
False
Is 140346976 a multiple of 44?
True
Is 98 a factor of 97941529?
False
Is 29999967 a multiple of 113?
False
Is 37845559 a multiple of 150?
False
Is 571486880 a multiple of 160?
True
Is 17260404 a multiple of 14?
True
Does 14 divide 952043204?
True
Does 10 divide 8166130?
True
Is 579673365 a multiple of 3184?
False
Does 1313 divide 72499921?
True
Does 1126 divide 2312763674?
False
Does 1211 divide 345075019?
False
Is 178 a factor of 470979243?
False
Is 378 a factor of 519754100?
False
Is 3945970084 a multiple of 19?
True
Is 2730305 a multiple of 5?
True
Is 1979460487 a multiple of 78?
False
Is 2174216142 a multiple of 7966?
True
Is 698 a factor of 1827364?
True
Is 681 a factor of 15925246?
False
Does 6 divide 23015031?
False
Does 21 divide 126390054?
True
Is 138848844 a multiple of 12?
True
Is 2337 a factor of 18976440?
True
Is 3 a factor of 565480857?
True
Is 13 a factor of 29596359?
True
Is 17 a factor of 37478615?
False
Does 598 divide 53683058?
True
Is 29578245 a multiple of 71?
True
Is 457 a factor of 22527606?
False
Is 4363 a factor of 3012660226?
True
Does 196 divide 4404903904?
False
Is 6 a factor of 73399092?
True
Does 6 divide 144958335?
False
Does 39 divide 317237388?
True
Does 143 divide 165854956?
False
Does 66 divide 328536141?
False
Is 921096180 a multiple of 69?
True
Is 31 a factor of 2056853968?
True
Is 563174067 a multiple of 2799?
False
Is 16049730 a multiple of 1146?
True
Does 680 divide 1083958?
False
Is 9 a factor of 135685584?
True
Is 20 a factor of 398344705?
False
Is 1928 a factor of 131399209?
False
Does 34 divide 636423607?
False
Is 5 a factor of 18903905?
True
Is 1424 a factor of 569131298?
False
Is 35314634 a multiple of 2?
True
Does 5688 divide 1329960523?
False
Is 21 a factor of 2251452?
True
Is 523 a factor of 26946529?
True
Does 396 divide 95866225?
False
Does 7 divide 37318949?
False
Does 404 divide 175252713?
False
Is 1812705830 a multiple of 19?
True
Does 5 divide 22683615?
True
Is 3045 a factor of 224081550?
True
Is 309351679 a multiple of 2423?
True
Is 438 a factor of 889915?
False
Is 16417379 a multiple of 3?
False
Is 1126 a factor of 353221353?
False
Is 241359103 a multiple of 37?
True
Is 27 a factor of 87824059?
False
Is 22236228 a multiple of 6?
True
Is 18 a factor of 3728880?
True
Is 542191375 a multiple of 6?
False
Is 669298639 a multiple of 695?
False
Is 290091935 a multiple of 35?
True
Does 273 divide 2735733?
True
Is 58996705 a multiple of 97?
False
Is 59273409 a multiple of 39?
True
Is 12 a factor of 382035133?
False
Does 144 divide 25162704?
True
Does 988 divide 55256744?
False
Is 2941 a factor of 148096802?
False
Is 271815936 a multiple of 868?
True
Does 1372 divide 52676568?
True
Is 98 a factor of 1508306877?
False
Is 2 a factor of 42202589?
False
Is 22 a factor of 108638722?
False
Is 1339298580 a multiple of 155?
True
Is 179897072 a multiple of 726?
False
Is 3102 a factor of 2693168808?
True
Does 2 divide 12372892?
True
Is 4564 a factor of 330054854?
False
Is 41 a factor of 35063610?
True
Is 34134414 a multiple of 83?
True
Does 845 divide 58563570?
True
Is 3927 a factor of 652836261?
True
Is 32 a factor of 97267616?
True
Is 1858784675 a multiple of 11045?
False
Is 1582 a factor of 22625764?
True
Is 594849525 a multiple of 5043?
False
Is 15 a factor of 1936432375?
False
Does 293 divide 25961851?
True
Does 112 divide 189075036?
False
Is 622 a factor of 267135938?
True
Is 516 a factor of 90707155?
False
Is 369 a factor of 899195236?
False
Is 14295436 a multiple of 172?
True
Does 234 divide 340232490?
True
Is 23 a factor of 7757260?
False
Is 7 a factor of 28294980?
True
Is 1101 a factor of 56509926?
True
Is 1110 a factor of 41791137?
False
Does 94 divide 86478308?
True
Does 29 divide 224089157?
False
Is 89159558 a multiple of 158?
True
Is 16 a factor of 530499?
False
Does 19 divide 28146353?
True
Does 3089 divide 601944612?
False
Is 57372144 a multiple of 204?
True
Is 13 a factor of 26798396?
False
Does 226 divide 2288882800?
True
Is 37804615 a multiple of 5?
True
Does 19 divide 18781291?
True
Is 21 a factor of 4022277?
True
Does 50 divide 732944903?
False
Is 50530284 a multiple of 28?
True
Is 15733942 a multiple of 238?
True
Is 21 a factor of 62660803?
False
Does 9028 divide 143286837?
False
Is 414071682 a multiple of 2?
True
Does 3960 divide 1601111160?
True
Does 136 divide 105037016?
True
Is 2549 a factor of 12244181?
False
Is 31 a factor of 11468329?
False
Is 10324961 a multiple of 875?
False
Is 126 a factor of 2024999377?
False
Does 1297 divide 17219339?
False
Does 19 divide 2959348307?
False
Is 1836 a factor of 1372009752?
True
Is 13 a factor of 347804905?
False
Is 57283873 a multiple of 165?
False
Does 340 divide 4613460?
True
Is 4548351 a multiple of 508?
False
Is 5224850 a multiple of 2518?
True
Is 10065722 a multiple of 6?
False
Is 96 a factor of 693506208?
True
Is 26086933 a multiple of 1536?
False
Is 8379737 a multiple of 112?
False
Does 2